 18932195 is divided by 4733044?
19
Calculate the remainder when 707268 is divided by 176580.
948
What is the remainder when 173103 is divided by 452?
439
What is the remainder when 324981 is divided by 80890?
1421
Calculate the remainder when 1887097116 is divided by 41.
38
What is the remainder when 5629386 is divided by 1228?
234
Calculate the remainder when 120567 is divided by 26.
5
Calculate the remainder when 43148 is divided by 117.
92
Calculate the remainder when 282321779 is divided by 92.
91
What is the remainder when 10252 is divided by 2528?
140
What is the remainder when 3460398 is divided by 357?
354
What is the remainder when 92935078 is divided by 285?
283
What is the remainder when 474959 is divided by 443?
63
Calculate the remainder when 430102 is divided by 2635.
597
What is the remainder when 16371 is divided by 1691?
1152
What is the remainder when 5713 is divided by 4417?
1296
Calculate the remainder when 57287 is divided by 2490.
17
Calculate the remainder when 7103343 is divided by 16256.
15727
What is the remainder when 469526690 is divided by 39?
35
Calculate the remainder when 9212365 is divided by 661.
8
Calculate the remainder when 2076556 is divided by 1038274.
8
What is the remainder when 7069693 is divided by 31?
19
What is the remainder when 10424124 is divided by 65?
9
Calculate the remainder when 74706 is divided by 18608.
274
What is the remainder when 81382 is divided by 11620?
42
What is the remainder when 11495020 is divided by 33611?
58
What is the remainder when 4876583 is divided by 3700?
3683
Calculate the remainder when 2987989 is divided by 1631.
1628
Calculate the remainder when 282421 is divided by 869.
865
What is the remainder when 323653478 is divided by 18?
14
Calculate the remainder when 831 is divided by 304.
223
What is the remainder when 70723583 is divided by 2304?
2303
Calculate the remainder when 466300 is divided by 13711.
126
Calculate the remainder when 1554552 is divided by 388632.
24
What is the remainder when 997415 is divided by 199482?
5
Calculate the remainder when 252741 is divided by 49.
48
Calculate the remainder when 28462455 is divided by 551.
550
What is the remainder when 221336 is divided by 18407?
452
Calculate the remainder when 11963423 is divided by 3048.
23
Calculate the remainder when 193234102 is divided by 1224.
1222
Calculate the remainder when 31039955 is divided by 38.
35
Calculate the remainder when 86528 is divided by 1704.
1328
Calculate the remainder when 126170 is divided by 41936.
362
Calculate the remainder when 29969008 is divided by 19.
4
Calculate the remainder when 36850566 is divided by 31.
29
Calculate the remainder when 59121 is divided by 608.
145
Calculate the remainder when 1133157 is divided by 150.
57
Calculate the remainder when 7149845 is divided by 1021397.
66
Calculate the remainder when 381197 is divided by 380976.
221
Calculate the remainder when 960067 is divided by 2202.
2197
Calculate the remainder when 1597983 is divided by 3038.
3033
Calculate the remainder when 91640063 is divided by 22910002.
55
Calculate the remainder when 16558688 is divided by 56.
48
What is the remainder when 40838877 is divided by 274?
273
What is the remainder when 1238739 is divided by 42?
33
Calculate the remainder when 98668 is divided by 98613.
55
Calculate the remainder when 1449765 is divided by 826.
135
What is the remainder when 573246 is divided by 5552?
1390
Calculate the remainder when 3291 is divided by 729.
375
Calculate the remainder when 40410143 is divided by 570.
563
What is the remainder when 146150184 is divided by 3122?
3120
Calculate the remainder when 3704161 is divided by 13.
6
Calculate the remainder when 35924424 is divided by 4704.
4680
Calculate the remainder when 29172323 is divided by 1158.
1145
What is the remainder when 676576667 is divided by 451?
448
What is the remainder when 51631389 is divided by 921989?
5
Calculate the remainder when 53214 is divided by 1468.
366
What is the remainder when 282968 is divided by 8522?
1742
Calculate the remainder when 186384 is divided by 1904.
1696
Calculate the remainder when 1711096 is divided by 8820.
16
What is the remainder when 2493881 is divided by 27?
26
Calculate the remainder when 13002 is divided by 1435.
87
What is the remainder when 30607536 is divided by 232?
8
Calculate the remainder when 303724 is divided by 303547.
177
What is the remainder when 334681 is divided by 518?
53
What is the remainder when 11827 is divided by 581?
207
What is the remainder when 104922 is divided by 4?
2
What is the remainder when 1754207 is divided by 438512?
159
Calculate the remainder when 15275884 is divided by 1909485.
4
Calculate the remainder when 523401 is divided by 4176.
1401
Calculate the remainder when 17988688 is divided by 1587.
43
Calculate the remainder when 7492233 is divided by 7492203.
30
Calculate the remainder when 558686 is divided by 279261.
164
Calculate the remainder when 5272173 is divided by 505.
478
Calculate the remainder when 1119374 is divided by 2684.
146
What is the remainder when 2494714 is divided by 2977?
2965
What is the remainder when 10028195 is divided by 626744?
291
Calculate the remainder when 37545859 is divided by 4269.
4
What is the remainder when 1533263 is divided by 1533251?
12
Calculate the remainder when 61660126 is divided by 51.
4
What is the remainder when 77884 is divided by 3981?
2245
Calculate the remainder when 1812764 is divided by 2755.
2729
What is the remainder when 578046093 is divided by 72?
69
What is the remainder when 1661079 is divided by 3854?
5
What is the remainder when 5106347 is divided by 2872?
2803
What is the remainder when 23032 is divided by 545?
142
What is the remainder when 1334090 is divided by 666826?
438
Calculate the remainder when 9480447 is divided by 4740221.
5
What is the remainder when 3146861 is divided by 47679?
47
Calculate the remainder when 53354 is divided by 2144.
1898
Calculate the remainder when 5008065 is divided by 1265.
1195
What is the remainder when 1310121 is divided by 187136?
169
What is the remainder when 7721 is divided by 740?
321
What is the remainder when 89347904 is divided by 115139?
40
What is the remainder when 1495 is divided by 686?
123
Calculate the remainder when 136856 is divided by 15141.
587
Calculate the remainder when 3368658 is divided by 1625.
33
What is the remainder when 72584103 is divided by 70470?
3
What is the remainder when 2456746 is divided by 2456711?
35
Calculate the remainder when 58991695 is divided by 9146.
9141
What is the remainder when 1389371 is divided by 7676?
15
Calculate the remainder when 2717102 is divided by 301886.
128
What is the remainder when 2388783 is divided by 2588?
59
What is the remainder when 24429599 is divided by 675?
674
What is the remainder when 1654781 is divided by 64?
61
What is the remainder when 2709342 is divided by 10150?
9442
Calculate the remainder when 6812628 is divided by 186.
6
What is the remainder when 163482 is divided by 3651?
2838
What is the remainder when 491832 is divided by 49183?
2
What is the remainder when 2391906 is divided by 74?
4
What is the remainder when 202886 is divided by 3?
2
Calculate the remainder when 1948814 is divided by 476.
70
What is the remainder when 1003890 is divided by 1003885?
5
Calculate the remainder when 507346 is divided by 3380.
346
What is the remainder when 1008125 is divided by 1778?
1777
Calculate the remainder when 5897566 is divided by 196584.
46
What is the remainder when 14085 is divided by 2373?
2220
What is the remainder when 3259218 is divided by 214?
212
Calculate the remainder when 2231214 is divided by 148747.
9
Calculate the remainder when 10227837 is divided by 133.
4
Calculate the remainder when 32193001 is divided by 63000.
1
Calculate the remainder when 34838403 is divided by 34.
31
What is the remainder when 20397 is divided by 1479?
1170
What is the remainder when 1954212 is divided by 119?
113
Calculate the remainder when 5725 is divided by 1341.
361
Calculate the remainder when 176100 is divided by 88045.
10
What is the remainder when 121792 is divided by 3805?
32
What is the remainder when 2715064 is divided by 10?
4
What is the remainder when 115